{"id":2206,"date":"2026-03-09T09:40:10","date_gmt":"2026-03-09T08:40:10","guid":{"rendered":"https:\/\/sporting.co.it\/?page_id=2206"},"modified":"2026-03-09T09:40:11","modified_gmt":"2026-03-09T08:40:11","slug":"sporting-summer-camp-2026-regole-e-consigli","status":"publish","type":"page","link":"https:\/\/sporting.co.it\/index.php\/sporting-summer-camp-2026-regole-e-consigli\/","title":{"rendered":"SPORTING SUMMER CAMP 2026: REGOLE E CONSIGLI"},"content":{"rendered":"\n<p class=\"wp-block-paragraph\">Cari genitori, se i vostri bambini sono iscritti al nostro SUMMER CAMP, le indicazioni che mettiamo qui sotto vi saranno utili. <br>Vi elenchiamo quelle che sono alcune regole che seguiremo e alcuni consigli che vi diamo affinch\u00e9 il nostro CAMP sia fantastico come sempre!!!<\/p>\n\n\n\n<p class=\"has-text-align-center has-accent-color has-text-color has-larger-font-size wp-block-paragraph\">PAGAMENTO<\/p>\n\n\n\n<p class=\"wp-block-paragraph\">Il saldo della vostra quota Camp andr\u00e0 eseguito entro la precedente settimana di frequenza Camp, con almeno 5 giorni di anticipo rispetto al luned\u00ec di inizio turno, <strong>PREFERIBILMENTE <\/strong>con bonifico bancario sempre intestato a <br>Sporting &#8211; Soc Sportiva dilettantistica A R.L.<br>Codice IBAN IT93X0200851620000004447094<br>(in caso di bonifici extra-cee, per esempio dalla Svizzera, obbligatorio aggiungere 15 euro per spese di incasso)<\/p>\n\n\n\n<p class=\"has-text-align-center has-accent-color has-text-color has-larger-font-size wp-block-paragraph\">DOCUMENTI OBBLIGATORI<\/p>\n\n\n\n<p class=\"wp-block-paragraph\">Se ancora non consegnato, ad inizio attivit\u00e0 va consegnato il certificato medico per attivit\u00e0 sportiva non agonistica. <\/p>\n\n\n\n<p class=\"has-text-align-center has-accent-color has-text-color has-larger-font-size wp-block-paragraph\">SPAZI ALL&#8217;APERTO, AL COPERTO, PISCINA<\/p>\n\n\n\n<p class=\"wp-block-paragraph\">Utilizzeremo il meno possibile i locali chiusi (in caso di maltempo saremo al coperto sotto le strutture dei campi da tennis che sono comunque aperti completamente sui lati).<br>Per questo motivo ogni partecipante avr\u00e0 sempre vicino a s\u00e9 il proprio zaino, che verr\u00e0 risposto in spazi idonei durante le varie attivit\u00e0.<br>In piscina seguiremo le indicazioni dell&#8217;Ordinanza Regionale in materia di clorazione e controlli. Verr\u00e0 utilizzato uno spazio spogliatoio all&#8217;aperto e coperto sui lati. Ogni partecipante indosser\u00e0 obbligatoriamente entrando in acqua dei braccioli in plastica gonfiabili da noi forniti.<\/p>\n\n\n\n<p class=\"has-text-align-center has-accent-color has-text-color has-larger-font-size wp-block-paragraph\">PRANZO<\/p>\n\n\n\n<p class=\"wp-block-paragraph\">Il pranzo al sacco verr\u00e0 consumato nello spazio pranzo, all\u2019ombra, sotto il nostro boschetto. <br>Ai genitori viene comunque data la possibilit\u00e0 anche di appoggiarsi al nostro Bar per il servizio pranzo e anche in questo caso il pranzo sar\u00e0 servito ai partecipanti nella stessa area pranzo dove mangeremo tutti insieme. L\u2019eventuale servizio pranzo, proposto dal bar, dovr\u00e0 essere organizzato PRIMA (la settimana precedente) dell\u2019inizio del CAMP e potrete avere tutte le informazioni relative a prezzi e a qualsiasi altro dettaglio chiamando o scrivendo al 340 003 2037per tutte le informazioni del caso. Cliccando <strong>QUI <\/strong>troverete (a breve) il men\u00f9 proposto dal nostro Bar PLACE TO BE.<\/p>\n\n\n\n<p class=\"has-text-align-center has-accent-color has-text-color has-larger-font-size wp-block-paragraph\">COSA METTERE, SEMPRE, NELLO ZAINO<\/p>\n\n\n\n<p class=\"wp-block-paragraph\">Ogni singolo oggetto dovr\u00e0 essere personalizzato, con nome e cognome del partecipante<\/p>\n\n\n\n<ul class=\"wp-block-list\">\n<li>il pasto contenuto nel proprio Box Lunch o contenitore comunque ermetico, con le proprie posate<\/li>\n\n\n\n<li>la propria borraccia che noi riempiremo di acqua minerale ogni volta che i partecipanti ne avranno bisogno<\/li>\n\n\n\n<li>la merenda della mattina (noi daremo invece la merenda confezionata del pomeriggio)<\/li>\n\n\n\n<li>costume, ciabattine e accappatoio per l&#8217;eventuale uso della piscina<\/li>\n\n\n\n<li>un pile caldo e una giacca leggera impermeabile (tipo K-Way) nel caso di momenti di brutto tempo e di vento quando saremo sotto i tendoni dei campi da tennis<\/li>\n\n\n\n<li>eventuale materiale scolastico per compiti della giornata<\/li>\n\n\n\n<li>eventuale boccetta personale di gel disinfettante per le mani<\/li>\n\n\n\n<li>qualche moneta per eventuali piccoli acquisti al bar<\/li>\n<\/ul>\n\n\n\n<p class=\"has-text-align-center has-accent-color has-text-color has-larger-font-size wp-block-paragraph\">MAGLIETTE SUMMER CAMP<\/p>\n\n\n\n<p class=\"wp-block-paragraph\">Durante ogni giorno di frequenza del SUMMER CAMP tutti i partecipanti dovranno obbligatoriamente indossare sempre la maglietta del SUMMER CAMP 2026.<br>Una maglietta vi verr\u00e0 consegnata durante la prima settimana di vostra frequenza ed \u00e8 inclusa nella quota di partecipazione (una unica maglietta anche in caso di partecipazione a pi\u00f9 settimane). Si consiglia, se lo desiderate, l&#8217;acquisto di una seconda maglietta il luned\u00ec di inizio Camp nella zona Accoglienza al costo di 10 Euro a maglietta.<\/p>\n\n\n\n<p class=\"has-text-align-center has-accent-color has-text-color has-larger-font-size wp-block-paragraph\">ARRIVO E USCITA DAL SUMMER CAMP<\/p>\n\n\n\n<p class=\"wp-block-paragraph\"><strong>ALL&#8217;ARRIVO<\/strong> potrete sfruttare l&#8217;orario compreso tra le 07.30 e le 09.00. Vi chiediamo di NON arrivare al CAMP alle 08.55 ma di voler utilizzare al meglio tutti questi 90 minuti di pre-camp che avete a disposizione per l&#8217;arrivo. Verrete ogni giorno accolti dalle nostre Educatrici in una zona &#8220;Accoglienza&#8221; dove verranno compiute le varie operazioni previste. I genitori non potranno accedere alla zona Camp e dopo aver consegnato i propri bambini alle educatrici potranno accomodarsi nello spazio all&#8217;aperto del nostro Bar e controllare &#8220;a distanza&#8221; sorseggiando un caff\u00e8.<br><strong>ALL&#8217;USCITA<\/strong> ogni gruppo avr\u00e0 uno spazio predefinito per la riconsegna dei bambini che dovr\u00e0 avvenire alle 17.00 (si raccomanda la MASSIMA puntualit\u00e0). La zona di riconsegna dei bambini vi verr\u00e0 comunicata il luned\u00ec mattina al vostro arrivo e sar\u00e0 sempre quella per tutta la settimana<\/p>\n","protected":false},"excerpt":{"rendered":"<p>Cari genitori, se i vostri bambini sono iscritti al nostro SUMMER CAMP, le indicazioni che mettiamo qui sotto vi saranno utili. Vi elenchiamo quelle che sono alcune regole che seguiremo e alcuni consigli che vi diamo affinch\u00e9 il nostro CAMP&#8230; <a class=\"more-link\" href=\"https:\/\/sporting.co.it\/index.php\/sporting-summer-camp-2026-regole-e-consigli\/\">Continua a leggere &rarr;<\/a><\/p>\n","protected":false},"author":1,"featured_media":2220,"parent":0,"menu_order":0,"comment_status":"closed","ping_status":"closed","template":"","meta":{"_crdt_document":"","_exactmetrics_skip_tracking":false,"_exactmetrics_sitenote_active":false,"_exactmetrics_sitenote_note":"","_exactmetrics_sitenote_category":0,"ngg_post_thumbnail":0,"_joinchat":[],"footnotes":""},"class_list":["post-2206","page","type-page","status-publish","has-post-thumbnail","hentry"],"yoast_head":"<!-- This site is optimized with the Yoast SEO plugin v27.4 - https:\/\/yoast.com\/product\/yoast-seo-wordpress\/ -->\n<title>SPORTING SUMMER CAMP 2026: REGOLE E CONSIGLI - Sporting Faloppio - 100% Tennis &amp; Sport<\/title>\n<meta name=\"robots\" content=\"index, follow, max-snippet:-1, max-image-preview:large, max-video-preview:-1\" \/>\n<link rel=\"canonical\" href=\"https:\/\/sporting.co.it\/index.php\/sporting-summer-camp-2026-regole-e-consigli\/\" \/>\n<meta property=\"og:locale\" content=\"it_IT\" \/>\n<meta property=\"og:type\" content=\"article\" \/>\n<meta property=\"og:title\" content=\"SPORTING SUMMER CAMP 2026: REGOLE E CONSIGLI - Sporting Faloppio - 100% Tennis &amp; Sport\" \/>\n<meta property=\"og:description\" content=\"Cari genitori, se i vostri bambini sono iscritti al nostro SUMMER CAMP, le indicazioni che mettiamo qui sotto vi saranno utili. Vi elenchiamo quelle che sono alcune regole che seguiremo e alcuni consigli che vi diamo affinch\u00e9 il nostro CAMP... Continua a leggere &rarr;\" \/>\n<meta property=\"og:url\" content=\"https:\/\/sporting.co.it\/index.php\/sporting-summer-camp-2026-regole-e-consigli\/\" \/>\n<meta property=\"og:site_name\" content=\"Sporting Faloppio - 100% Tennis &amp; Sport\" \/>\n<meta property=\"article:publisher\" content=\"https:\/\/www.facebook.com\/sportingclubfaloppio\/\" \/>\n<meta property=\"article:modified_time\" content=\"2026-03-09T08:40:11+00:00\" \/>\n<meta property=\"og:image\" content=\"https:\/\/sporting.co.it\/wp-content\/uploads\/2020\/06\/65661818_2840404492653001_7015548766975426560_n.jpg\" \/>\n\t<meta property=\"og:image:width\" content=\"960\" \/>\n\t<meta property=\"og:image:height\" content=\"720\" \/>\n\t<meta property=\"og:image:type\" content=\"image\/jpeg\" \/>\n<meta name=\"twitter:card\" content=\"summary_large_image\" \/>\n<meta name=\"twitter:label1\" content=\"Tempo di lettura stimato\" \/>\n\t<meta name=\"twitter:data1\" content=\"4 minuti\" \/>\n<script type=\"application\/ld+json\" class=\"yoast-schema-graph\">{\"@context\":\"https:\\\/\\\/schema.org\",\"@graph\":[{\"@type\":\"WebPage\",\"@id\":\"https:\\\/\\\/sporting.co.it\\\/index.php\\\/sporting-summer-camp-2026-regole-e-consigli\\\/\",\"url\":\"https:\\\/\\\/sporting.co.it\\\/index.php\\\/sporting-summer-camp-2026-regole-e-consigli\\\/\",\"name\":\"SPORTING SUMMER CAMP 2026: REGOLE E CONSIGLI - Sporting Faloppio - 100% Tennis &amp; Sport\",\"isPartOf\":{\"@id\":\"https:\\\/\\\/sporting.co.it\\\/#website\"},\"primaryImageOfPage\":{\"@id\":\"https:\\\/\\\/sporting.co.it\\\/index.php\\\/sporting-summer-camp-2026-regole-e-consigli\\\/#primaryimage\"},\"image\":{\"@id\":\"https:\\\/\\\/sporting.co.it\\\/index.php\\\/sporting-summer-camp-2026-regole-e-consigli\\\/#primaryimage\"},\"thumbnailUrl\":\"https:\\\/\\\/sporting.co.it\\\/wp-content\\\/uploads\\\/2020\\\/06\\\/65661818_2840404492653001_7015548766975426560_n.jpg\",\"datePublished\":\"2026-03-09T08:40:10+00:00\",\"dateModified\":\"2026-03-09T08:40:11+00:00\",\"breadcrumb\":{\"@id\":\"https:\\\/\\\/sporting.co.it\\\/index.php\\\/sporting-summer-camp-2026-regole-e-consigli\\\/#breadcrumb\"},\"inLanguage\":\"it-IT\",\"potentialAction\":[{\"@type\":\"ReadAction\",\"target\":[\"https:\\\/\\\/sporting.co.it\\\/index.php\\\/sporting-summer-camp-2026-regole-e-consigli\\\/\"]}]},{\"@type\":\"ImageObject\",\"inLanguage\":\"it-IT\",\"@id\":\"https:\\\/\\\/sporting.co.it\\\/index.php\\\/sporting-summer-camp-2026-regole-e-consigli\\\/#primaryimage\",\"url\":\"https:\\\/\\\/sporting.co.it\\\/wp-content\\\/uploads\\\/2020\\\/06\\\/65661818_2840404492653001_7015548766975426560_n.jpg\",\"contentUrl\":\"https:\\\/\\\/sporting.co.it\\\/wp-content\\\/uploads\\\/2020\\\/06\\\/65661818_2840404492653001_7015548766975426560_n.jpg\",\"width\":960,\"height\":720},{\"@type\":\"BreadcrumbList\",\"@id\":\"https:\\\/\\\/sporting.co.it\\\/index.php\\\/sporting-summer-camp-2026-regole-e-consigli\\\/#breadcrumb\",\"itemListElement\":[{\"@type\":\"ListItem\",\"position\":1,\"name\":\"Home\",\"item\":\"https:\\\/\\\/sporting.co.it\\\/\"},{\"@type\":\"ListItem\",\"position\":2,\"name\":\"SPORTING SUMMER CAMP 2026: REGOLE E CONSIGLI\"}]},{\"@type\":\"WebSite\",\"@id\":\"https:\\\/\\\/sporting.co.it\\\/#website\",\"url\":\"https:\\\/\\\/sporting.co.it\\\/\",\"name\":\"Sporting Faloppio - 100% Tennis e Sport\",\"description\":\"\",\"publisher\":{\"@id\":\"https:\\\/\\\/sporting.co.it\\\/#organization\"},\"potentialAction\":[{\"@type\":\"SearchAction\",\"target\":{\"@type\":\"EntryPoint\",\"urlTemplate\":\"https:\\\/\\\/sporting.co.it\\\/?s={search_term_string}\"},\"query-input\":{\"@type\":\"PropertyValueSpecification\",\"valueRequired\":true,\"valueName\":\"search_term_string\"}}],\"inLanguage\":\"it-IT\"},{\"@type\":\"Organization\",\"@id\":\"https:\\\/\\\/sporting.co.it\\\/#organization\",\"name\":\"Sporting Faloppio\",\"url\":\"https:\\\/\\\/sporting.co.it\\\/\",\"logo\":{\"@type\":\"ImageObject\",\"inLanguage\":\"it-IT\",\"@id\":\"https:\\\/\\\/sporting.co.it\\\/#\\\/schema\\\/logo\\\/image\\\/\",\"url\":\"https:\\\/\\\/sporting.co.it\\\/wp-content\\\/uploads\\\/2018\\\/08\\\/ball-court-exercise-7753.jpg\",\"contentUrl\":\"https:\\\/\\\/sporting.co.it\\\/wp-content\\\/uploads\\\/2018\\\/08\\\/ball-court-exercise-7753.jpg\",\"width\":3264,\"height\":2448,\"caption\":\"Sporting Faloppio\"},\"image\":{\"@id\":\"https:\\\/\\\/sporting.co.it\\\/#\\\/schema\\\/logo\\\/image\\\/\"},\"sameAs\":[\"https:\\\/\\\/www.facebook.com\\\/sportingclubfaloppio\\\/\"]}]}<\/script>\n<!-- \/ Yoast SEO plugin. -->","yoast_head_json":{"title":"SPORTING SUMMER CAMP 2026: REGOLE E CONSIGLI - Sporting Faloppio - 100% Tennis &amp; Sport","robots":{"index":"index","follow":"follow","max-snippet":"max-snippet:-1","max-image-preview":"max-image-preview:large","max-video-preview":"max-video-preview:-1"},"canonical":"https:\/\/sporting.co.it\/index.php\/sporting-summer-camp-2026-regole-e-consigli\/","og_locale":"it_IT","og_type":"article","og_title":"SPORTING SUMMER CAMP 2026: REGOLE E CONSIGLI - Sporting Faloppio - 100% Tennis &amp; Sport","og_description":"Cari genitori, se i vostri bambini sono iscritti al nostro SUMMER CAMP, le indicazioni che mettiamo qui sotto vi saranno utili. Vi elenchiamo quelle che sono alcune regole che seguiremo e alcuni consigli che vi diamo affinch\u00e9 il nostro CAMP... Continua a leggere &rarr;","og_url":"https:\/\/sporting.co.it\/index.php\/sporting-summer-camp-2026-regole-e-consigli\/","og_site_name":"Sporting Faloppio - 100% Tennis &amp; Sport","article_publisher":"https:\/\/www.facebook.com\/sportingclubfaloppio\/","article_modified_time":"2026-03-09T08:40:11+00:00","og_image":[{"width":960,"height":720,"url":"https:\/\/sporting.co.it\/wp-content\/uploads\/2020\/06\/65661818_2840404492653001_7015548766975426560_n.jpg","type":"image\/jpeg"}],"twitter_card":"summary_large_image","twitter_misc":{"Tempo di lettura stimato":"4 minuti"},"schema":{"@context":"https:\/\/schema.org","@graph":[{"@type":"WebPage","@id":"https:\/\/sporting.co.it\/index.php\/sporting-summer-camp-2026-regole-e-consigli\/","url":"https:\/\/sporting.co.it\/index.php\/sporting-summer-camp-2026-regole-e-consigli\/","name":"SPORTING SUMMER CAMP 2026: REGOLE E CONSIGLI - Sporting Faloppio - 100% Tennis &amp; Sport","isPartOf":{"@id":"https:\/\/sporting.co.it\/#website"},"primaryImageOfPage":{"@id":"https:\/\/sporting.co.it\/index.php\/sporting-summer-camp-2026-regole-e-consigli\/#primaryimage"},"image":{"@id":"https:\/\/sporting.co.it\/index.php\/sporting-summer-camp-2026-regole-e-consigli\/#primaryimage"},"thumbnailUrl":"https:\/\/sporting.co.it\/wp-content\/uploads\/2020\/06\/65661818_2840404492653001_7015548766975426560_n.jpg","datePublished":"2026-03-09T08:40:10+00:00","dateModified":"2026-03-09T08:40:11+00:00","breadcrumb":{"@id":"https:\/\/sporting.co.it\/index.php\/sporting-summer-camp-2026-regole-e-consigli\/#breadcrumb"},"inLanguage":"it-IT","potentialAction":[{"@type":"ReadAction","target":["https:\/\/sporting.co.it\/index.php\/sporting-summer-camp-2026-regole-e-consigli\/"]}]},{"@type":"ImageObject","inLanguage":"it-IT","@id":"https:\/\/sporting.co.it\/index.php\/sporting-summer-camp-2026-regole-e-consigli\/#primaryimage","url":"https:\/\/sporting.co.it\/wp-content\/uploads\/2020\/06\/65661818_2840404492653001_7015548766975426560_n.jpg","contentUrl":"https:\/\/sporting.co.it\/wp-content\/uploads\/2020\/06\/65661818_2840404492653001_7015548766975426560_n.jpg","width":960,"height":720},{"@type":"BreadcrumbList","@id":"https:\/\/sporting.co.it\/index.php\/sporting-summer-camp-2026-regole-e-consigli\/#breadcrumb","itemListElement":[{"@type":"ListItem","position":1,"name":"Home","item":"https:\/\/sporting.co.it\/"},{"@type":"ListItem","position":2,"name":"SPORTING SUMMER CAMP 2026: REGOLE E CONSIGLI"}]},{"@type":"WebSite","@id":"https:\/\/sporting.co.it\/#website","url":"https:\/\/sporting.co.it\/","name":"Sporting Faloppio - 100% Tennis e Sport","description":"","publisher":{"@id":"https:\/\/sporting.co.it\/#organization"},"potentialAction":[{"@type":"SearchAction","target":{"@type":"EntryPoint","urlTemplate":"https:\/\/sporting.co.it\/?s={search_term_string}"},"query-input":{"@type":"PropertyValueSpecification","valueRequired":true,"valueName":"search_term_string"}}],"inLanguage":"it-IT"},{"@type":"Organization","@id":"https:\/\/sporting.co.it\/#organization","name":"Sporting Faloppio","url":"https:\/\/sporting.co.it\/","logo":{"@type":"ImageObject","inLanguage":"it-IT","@id":"https:\/\/sporting.co.it\/#\/schema\/logo\/image\/","url":"https:\/\/sporting.co.it\/wp-content\/uploads\/2018\/08\/ball-court-exercise-7753.jpg","contentUrl":"https:\/\/sporting.co.it\/wp-content\/uploads\/2018\/08\/ball-court-exercise-7753.jpg","width":3264,"height":2448,"caption":"Sporting Faloppio"},"image":{"@id":"https:\/\/sporting.co.it\/#\/schema\/logo\/image\/"},"sameAs":["https:\/\/www.facebook.com\/sportingclubfaloppio\/"]}]}},"_links":{"self":[{"href":"https:\/\/sporting.co.it\/index.php\/wp-json\/wp\/v2\/pages\/2206","targetHints":{"allow":["GET"]}}],"collection":[{"href":"https:\/\/sporting.co.it\/index.php\/wp-json\/wp\/v2\/pages"}],"about":[{"href":"https:\/\/sporting.co.it\/index.php\/wp-json\/wp\/v2\/types\/page"}],"author":[{"embeddable":true,"href":"https:\/\/sporting.co.it\/index.php\/wp-json\/wp\/v2\/users\/1"}],"replies":[{"embeddable":true,"href":"https:\/\/sporting.co.it\/index.php\/wp-json\/wp\/v2\/comments?post=2206"}],"version-history":[{"count":32,"href":"https:\/\/sporting.co.it\/index.php\/wp-json\/wp\/v2\/pages\/2206\/revisions"}],"predecessor-version":[{"id":4407,"href":"https:\/\/sporting.co.it\/index.php\/wp-json\/wp\/v2\/pages\/2206\/revisions\/4407"}],"wp:featuredmedia":[{"embeddable":true,"href":"https:\/\/sporting.co.it\/index.php\/wp-json\/wp\/v2\/media\/2220"}],"wp:attachment":[{"href":"https:\/\/sporting.co.it\/index.php\/wp-json\/wp\/v2\/media?parent=2206"}],"curies":[{"name":"wp","href":"https:\/\/api.w.org\/{rel}","templated":true}]}}