{"id":189,"date":"2018-07-27T23:23:37","date_gmt":"2018-07-27T21:23:37","guid":{"rendered":"http:\/\/sporting.co.it\/?page_id=189"},"modified":"2018-07-27T23:34:42","modified_gmt":"2018-07-27T21:34:42","slug":"corso-gratuito-iscrizione-adulti","status":"publish","type":"page","link":"https:\/\/sporting.co.it\/index.php\/corso-gratuito-iscrizione-adulti\/","title":{"rendered":"Corso Gratuito &#8211; Iscrizione Adulti"},"content":{"rendered":"<h5 style=\"text-align: left;\">Corso Gratuito di Tennis per Adulti, della durata di cinque lezioni che si terranno da luned\u00ec 10 a venerd\u00ec 14 settembre 2018\u00a0l\u2019orario scelto di frequenza sar\u00e0 sempre uguale per tutte e cinque le lezioni.<\/h5>\n<div class=\"wpforms-container wpforms-container-full\" id=\"wpforms-181\"><form id=\"wpforms-form-181\" class=\"wpforms-validate wpforms-form\" data-formid=\"181\" method=\"post\" enctype=\"multipart\/form-data\" action=\"\/index.php\/wp-json\/wp\/v2\/pages\/189\" data-token=\"eaa440722470ad6232e83335f10766b1\" data-token-time=\"1777499783\"><noscript class=\"wpforms-error-noscript\">Abilita JavaScript nel browser per completare questo modulo.<\/noscript><div class=\"wpforms-field-container\"><div id=\"wpforms-181-field_0-container\" class=\"wpforms-field wpforms-field-name\" data-field-id=\"0\"><label class=\"wpforms-field-label\" for=\"wpforms-181-field_0\">Cognome <span class=\"wpforms-required-label\">*<\/span><\/label><input type=\"text\" id=\"wpforms-181-field_0\" class=\"wpforms-field-small wpforms-field-required\" name=\"wpforms[fields][0]\" required><\/div><div id=\"wpforms-181-field_41-container\" class=\"wpforms-field wpforms-field-name\" data-field-id=\"41\"><label class=\"wpforms-field-label\" for=\"wpforms-181-field_41\">Nome <span class=\"wpforms-required-label\">*<\/span><\/label><input type=\"text\" id=\"wpforms-181-field_41\" class=\"wpforms-field-small wpforms-field-required\" name=\"wpforms[fields][41]\" required><\/div><div id=\"wpforms-181-field_9-container\" class=\"wpforms-field wpforms-field-number\" data-field-id=\"9\"><label class=\"wpforms-field-label\" for=\"wpforms-181-field_9\">Numero di Cellulare <span class=\"wpforms-required-label\">*<\/span><\/label><input type=\"number\" id=\"wpforms-181-field_9\" class=\"wpforms-field-small wpforms-field-required\" name=\"wpforms[fields][9]\" placeholder=\" \" step=\"any\" required><\/div><div id=\"wpforms-181-field_1-container\" class=\"wpforms-field wpforms-field-email\" data-field-id=\"1\"><label class=\"wpforms-field-label\">Email <span class=\"wpforms-required-label\">*<\/span><\/label><div class=\"wpforms-field-row wpforms-field-medium\"><div class=\"wpforms-field-row-block wpforms-one-half wpforms-first\"><input type=\"email\" id=\"wpforms-181-field_1\" class=\"wpforms-field-required wpforms-field-email-primary\" name=\"wpforms[fields][1][primary]\" spellcheck=\"false\" required><label for=\"wpforms-181-field_1\" class=\"wpforms-field-sublabel after\">Email<\/label><\/div><div class=\"wpforms-field-row-block wpforms-one-half\"><input type=\"email\" id=\"wpforms-181-field_1-secondary\" class=\"wpforms-field-email-secondary wpforms-field-required\" data-rule-confirm=\"#wpforms-181-field_1\" name=\"wpforms[fields][1][secondary]\" spellcheck=\"false\" required><label for=\"wpforms-181-field_1-secondary\" class=\"wpforms-field-sublabel after\">Conferma email<\/label><\/div><\/div><\/div><div id=\"wpforms-181-field_39-container\" class=\"wpforms-field wpforms-field-radio wpforms-list-inline\" data-field-id=\"39\"><label class=\"wpforms-field-label\">Scelta Orario <span class=\"wpforms-required-label\">*<\/span><\/label><ul id=\"wpforms-181-field_39\" class=\"wpforms-field-required\"><li class=\"choice-1 depth-1\"><input type=\"radio\" id=\"wpforms-181-field_39_1\" name=\"wpforms[fields][39]\" value=\"Orario 19.00 - 20.00\" required ><label class=\"wpforms-field-label-inline\" for=\"wpforms-181-field_39_1\">Orario 19.00 - 20.00<\/label><\/li><li class=\"choice-2 depth-1\"><input type=\"radio\" id=\"wpforms-181-field_39_2\" name=\"wpforms[fields][39]\" value=\"Orario 20.00 - 21.00\" required ><label class=\"wpforms-field-label-inline\" for=\"wpforms-181-field_39_2\">Orario 20.00 - 21.00<\/label><\/li><li class=\"choice-3 depth-1\"><input type=\"radio\" id=\"wpforms-181-field_39_3\" name=\"wpforms[fields][39]\" value=\"Orario 21.00 - 22.00\" required ><label class=\"wpforms-field-label-inline\" for=\"wpforms-181-field_39_3\">Orario 21.00 - 22.00<\/label><\/li><\/ul><\/div><div id=\"wpforms-181-field_35-container\" class=\"wpforms-field wpforms-field-textarea\" data-field-id=\"35\"><label class=\"wpforms-field-label\" for=\"wpforms-181-field_35\">Note<\/label><textarea id=\"wpforms-181-field_35\" class=\"wpforms-field-medium\" name=\"wpforms[fields][35]\" ><\/textarea><\/div><div id=\"wpforms-181-field_34-container\" class=\"wpforms-field wpforms-field-checkbox\" data-field-id=\"34\"><label class=\"wpforms-field-label\">Privacy <span class=\"wpforms-required-label\">*<\/span><\/label><ul id=\"wpforms-181-field_34\" class=\"wpforms-field-required\"><li class=\"choice-1 depth-1\"><input type=\"checkbox\" id=\"wpforms-181-field_34_1\" name=\"wpforms[fields][34][]\" value=\"Ai sensi del D.L. 196 del 30\/06\/2003 (legge sulla privacy) le forniamo le seguenti informazioni: i dati da lei forniti verranno trattati solamente per la gestione delle attivit\u00e0 sportive istituzionali della scrivente Societ\u00e0 Sportiva dilettantistica &quot;SPORTING&quot; e per l&#039;invio della nostra newsletter (dalla quale potr\u00e0 cancellarsi in ogni momento). Il trattamento sar\u00e0 effettuato con modalit\u00e0 elettronica, utilizzando supporti informatici adatti a garantire la riservatezza dei dati. Il titolare del trattamento dei dati \u00e8 la Societ\u00e0 Sportiva dilettantistica &quot;Sporting&quot;.\" required ><label class=\"wpforms-field-label-inline\" for=\"wpforms-181-field_34_1\">Ai sensi del D.L. 196 del 30\/06\/2003 (legge sulla privacy) le forniamo le seguenti informazioni: i dati da lei forniti verranno trattati solamente per la gestione delle attivit\u00e0 sportive istituzionali della scrivente Societ\u00e0 Sportiva dilettantistica \"SPORTING\" e per l'invio della nostra newsletter (dalla quale potr\u00e0 cancellarsi in ogni momento). Il trattamento sar\u00e0 effettuato con modalit\u00e0 elettronica, utilizzando supporti informatici adatti a garantire la riservatezza dei dati. Il titolare del trattamento dei dati \u00e8 la Societ\u00e0 Sportiva dilettantistica \"Sporting\".<\/label><\/li><\/ul><\/div><\/div><!-- .wpforms-field-container --><div class=\"wpforms-field wpforms-field-hp\"><label for=\"wpforms-181-field-hp\" class=\"wpforms-field-label\">Message<\/label><input type=\"text\" name=\"wpforms[hp]\" id=\"wpforms-181-field-hp\" class=\"wpforms-field-medium\"><\/div><div class=\"wpforms-submit-container\" ><input type=\"hidden\" name=\"wpforms[id]\" value=\"181\"><input type=\"hidden\" name=\"page_title\" value=\"\"><input type=\"hidden\" name=\"page_url\" value=\"https:\/\/sporting.co.it\/index.php\/wp-json\/wp\/v2\/pages\/189\"><input type=\"hidden\" name=\"url_referer\" value=\"\"><button type=\"submit\" name=\"wpforms[submit]\" id=\"wpforms-submit-181\" class=\"wpforms-submit\" data-alt-text=\"Invio.....\" data-submit-text=\"Invia Iscrizione\" aria-live=\"assertive\" value=\"wpforms-submit\">Invia Iscrizione<\/button><\/div><\/form><\/div>  <!-- .wpforms-container -->\n","protected":false},"excerpt":{"rendered":"<p>Corso Gratuito di Tennis per Adulti, della durata di cinque lezioni che si terranno da luned\u00ec 10 a venerd\u00ec 14 settembre 2018\u00a0l\u2019orario scelto di frequenza sar\u00e0 sempre uguale per tutte e cinque le lezioni.<\/p>\n","protected":false},"author":1,"featured_media":0,"parent":0,"menu_order":0,"comment_status":"closed","ping_status":"closed","template":"template-nosidebar.php","meta":{"_crdt_document":"","_exactmetrics_skip_tracking":false,"_exactmetrics_sitenote_active":false,"_exactmetrics_sitenote_note":"","_exactmetrics_sitenote_category":0,"ngg_post_thumbnail":0,"_joinchat":[],"footnotes":""},"class_list":["post-189","page","type-page","status-publish","hentry"],"yoast_head":"<!-- This site is optimized with the Yoast SEO plugin v27.5 - https:\/\/yoast.com\/product\/yoast-seo-wordpress\/ -->\n<title>Corso Gratuito - Iscrizione Adulti - Sporting Faloppio - 100% Tennis &amp; Sport<\/title>\n<meta name=\"robots\" content=\"index, follow, max-snippet:-1, max-image-preview:large, max-video-preview:-1\" \/>\n<link rel=\"canonical\" href=\"https:\/\/sporting.co.it\/index.php\/corso-gratuito-iscrizione-adulti\/\" \/>\n<meta property=\"og:locale\" content=\"it_IT\" \/>\n<meta property=\"og:type\" content=\"article\" \/>\n<meta property=\"og:title\" content=\"Corso Gratuito - Iscrizione Adulti - Sporting Faloppio - 100% Tennis &amp; Sport\" \/>\n<meta property=\"og:description\" content=\"Corso Gratuito di Tennis per Adulti, della durata di cinque lezioni che si terranno da luned\u00ec 10 a venerd\u00ec 14 settembre 2018\u00a0l\u2019orario scelto di frequenza sar\u00e0 sempre uguale per tutte e cinque le lezioni.\" \/>\n<meta property=\"og:url\" content=\"https:\/\/sporting.co.it\/index.php\/corso-gratuito-iscrizione-adulti\/\" \/>\n<meta property=\"og:site_name\" content=\"Sporting Faloppio - 100% Tennis &amp; Sport\" \/>\n<meta property=\"article:publisher\" content=\"https:\/\/www.facebook.com\/sportingclubfaloppio\/\" \/>\n<meta property=\"article:modified_time\" content=\"2018-07-27T21:34:42+00:00\" \/>\n<meta name=\"twitter:card\" content=\"summary_large_image\" \/>\n<script type=\"application\/ld+json\" class=\"yoast-schema-graph\">{\"@context\":\"https:\\\/\\\/schema.org\",\"@graph\":[{\"@type\":\"WebPage\",\"@id\":\"https:\\\/\\\/sporting.co.it\\\/index.php\\\/corso-gratuito-iscrizione-adulti\\\/\",\"url\":\"https:\\\/\\\/sporting.co.it\\\/index.php\\\/corso-gratuito-iscrizione-adulti\\\/\",\"name\":\"Corso Gratuito - Iscrizione Adulti - Sporting Faloppio - 100% Tennis &amp; Sport\",\"isPartOf\":{\"@id\":\"https:\\\/\\\/sporting.co.it\\\/#website\"},\"datePublished\":\"2018-07-27T21:23:37+00:00\",\"dateModified\":\"2018-07-27T21:34:42+00:00\",\"breadcrumb\":{\"@id\":\"https:\\\/\\\/sporting.co.it\\\/index.php\\\/corso-gratuito-iscrizione-adulti\\\/#breadcrumb\"},\"inLanguage\":\"it-IT\",\"potentialAction\":[{\"@type\":\"ReadAction\",\"target\":[\"https:\\\/\\\/sporting.co.it\\\/index.php\\\/corso-gratuito-iscrizione-adulti\\\/\"]}]},{\"@type\":\"BreadcrumbList\",\"@id\":\"https:\\\/\\\/sporting.co.it\\\/index.php\\\/corso-gratuito-iscrizione-adulti\\\/#breadcrumb\",\"itemListElement\":[{\"@type\":\"ListItem\",\"position\":1,\"name\":\"Home\",\"item\":\"https:\\\/\\\/sporting.co.it\\\/\"},{\"@type\":\"ListItem\",\"position\":2,\"name\":\"Corso Gratuito &#8211; Iscrizione Adulti\"}]},{\"@type\":\"WebSite\",\"@id\":\"https:\\\/\\\/sporting.co.it\\\/#website\",\"url\":\"https:\\\/\\\/sporting.co.it\\\/\",\"name\":\"Sporting Faloppio - 100% Tennis e Sport\",\"description\":\"\",\"publisher\":{\"@id\":\"https:\\\/\\\/sporting.co.it\\\/#organization\"},\"potentialAction\":[{\"@type\":\"SearchAction\",\"target\":{\"@type\":\"EntryPoint\",\"urlTemplate\":\"https:\\\/\\\/sporting.co.it\\\/?s={search_term_string}\"},\"query-input\":{\"@type\":\"PropertyValueSpecification\",\"valueRequired\":true,\"valueName\":\"search_term_string\"}}],\"inLanguage\":\"it-IT\"},{\"@type\":\"Organization\",\"@id\":\"https:\\\/\\\/sporting.co.it\\\/#organization\",\"name\":\"Sporting Faloppio\",\"url\":\"https:\\\/\\\/sporting.co.it\\\/\",\"logo\":{\"@type\":\"ImageObject\",\"inLanguage\":\"it-IT\",\"@id\":\"https:\\\/\\\/sporting.co.it\\\/#\\\/schema\\\/logo\\\/image\\\/\",\"url\":\"https:\\\/\\\/sporting.co.it\\\/wp-content\\\/uploads\\\/2018\\\/08\\\/ball-court-exercise-7753.jpg\",\"contentUrl\":\"https:\\\/\\\/sporting.co.it\\\/wp-content\\\/uploads\\\/2018\\\/08\\\/ball-court-exercise-7753.jpg\",\"width\":3264,\"height\":2448,\"caption\":\"Sporting Faloppio\"},\"image\":{\"@id\":\"https:\\\/\\\/sporting.co.it\\\/#\\\/schema\\\/logo\\\/image\\\/\"},\"sameAs\":[\"https:\\\/\\\/www.facebook.com\\\/sportingclubfaloppio\\\/\"]}]}<\/script>\n<!-- \/ Yoast SEO plugin. -->","yoast_head_json":{"title":"Corso Gratuito - Iscrizione Adulti - Sporting Faloppio - 100% Tennis &amp; Sport","robots":{"index":"index","follow":"follow","max-snippet":"max-snippet:-1","max-image-preview":"max-image-preview:large","max-video-preview":"max-video-preview:-1"},"canonical":"https:\/\/sporting.co.it\/index.php\/corso-gratuito-iscrizione-adulti\/","og_locale":"it_IT","og_type":"article","og_title":"Corso Gratuito - Iscrizione Adulti - Sporting Faloppio - 100% Tennis &amp; Sport","og_description":"Corso Gratuito di Tennis per Adulti, della durata di cinque lezioni che si terranno da luned\u00ec 10 a venerd\u00ec 14 settembre 2018\u00a0l\u2019orario scelto di frequenza sar\u00e0 sempre uguale per tutte e cinque le lezioni.","og_url":"https:\/\/sporting.co.it\/index.php\/corso-gratuito-iscrizione-adulti\/","og_site_name":"Sporting Faloppio - 100% Tennis &amp; Sport","article_publisher":"https:\/\/www.facebook.com\/sportingclubfaloppio\/","article_modified_time":"2018-07-27T21:34:42+00:00","twitter_card":"summary_large_image","schema":{"@context":"https:\/\/schema.org","@graph":[{"@type":"WebPage","@id":"https:\/\/sporting.co.it\/index.php\/corso-gratuito-iscrizione-adulti\/","url":"https:\/\/sporting.co.it\/index.php\/corso-gratuito-iscrizione-adulti\/","name":"Corso Gratuito - Iscrizione Adulti - Sporting Faloppio - 100% Tennis &amp; Sport","isPartOf":{"@id":"https:\/\/sporting.co.it\/#website"},"datePublished":"2018-07-27T21:23:37+00:00","dateModified":"2018-07-27T21:34:42+00:00","breadcrumb":{"@id":"https:\/\/sporting.co.it\/index.php\/corso-gratuito-iscrizione-adulti\/#breadcrumb"},"inLanguage":"it-IT","potentialAction":[{"@type":"ReadAction","target":["https:\/\/sporting.co.it\/index.php\/corso-gratuito-iscrizione-adulti\/"]}]},{"@type":"BreadcrumbList","@id":"https:\/\/sporting.co.it\/index.php\/corso-gratuito-iscrizione-adulti\/#breadcrumb","itemListElement":[{"@type":"ListItem","position":1,"name":"Home","item":"https:\/\/sporting.co.it\/"},{"@type":"ListItem","position":2,"name":"Corso Gratuito &#8211; Iscrizione Adulti"}]},{"@type":"WebSite","@id":"https:\/\/sporting.co.it\/#website","url":"https:\/\/sporting.co.it\/","name":"Sporting Faloppio - 100% Tennis e Sport","description":"","publisher":{"@id":"https:\/\/sporting.co.it\/#organization"},"potentialAction":[{"@type":"SearchAction","target":{"@type":"EntryPoint","urlTemplate":"https:\/\/sporting.co.it\/?s={search_term_string}"},"query-input":{"@type":"PropertyValueSpecification","valueRequired":true,"valueName":"search_term_string"}}],"inLanguage":"it-IT"},{"@type":"Organization","@id":"https:\/\/sporting.co.it\/#organization","name":"Sporting Faloppio","url":"https:\/\/sporting.co.it\/","logo":{"@type":"ImageObject","inLanguage":"it-IT","@id":"https:\/\/sporting.co.it\/#\/schema\/logo\/image\/","url":"https:\/\/sporting.co.it\/wp-content\/uploads\/2018\/08\/ball-court-exercise-7753.jpg","contentUrl":"https:\/\/sporting.co.it\/wp-content\/uploads\/2018\/08\/ball-court-exercise-7753.jpg","width":3264,"height":2448,"caption":"Sporting Faloppio"},"image":{"@id":"https:\/\/sporting.co.it\/#\/schema\/logo\/image\/"},"sameAs":["https:\/\/www.facebook.com\/sportingclubfaloppio\/"]}]}},"_links":{"self":[{"href":"https:\/\/sporting.co.it\/index.php\/wp-json\/wp\/v2\/pages\/189","targetHints":{"allow":["GET"]}}],"collection":[{"href":"https:\/\/sporting.co.it\/index.php\/wp-json\/wp\/v2\/pages"}],"about":[{"href":"https:\/\/sporting.co.it\/index.php\/wp-json\/wp\/v2\/types\/page"}],"author":[{"embeddable":true,"href":"https:\/\/sporting.co.it\/index.php\/wp-json\/wp\/v2\/users\/1"}],"replies":[{"embeddable":true,"href":"https:\/\/sporting.co.it\/index.php\/wp-json\/wp\/v2\/comments?post=189"}],"version-history":[{"count":5,"href":"https:\/\/sporting.co.it\/index.php\/wp-json\/wp\/v2\/pages\/189\/revisions"}],"predecessor-version":[{"id":352,"href":"https:\/\/sporting.co.it\/index.php\/wp-json\/wp\/v2\/pages\/189\/revisions\/352"}],"wp:attachment":[{"href":"https:\/\/sporting.co.it\/index.php\/wp-json\/wp\/v2\/media?parent=189"}],"curies":[{"name":"wp","href":"https:\/\/api.w.org\/{rel}","templated":true}]}}